se 26*k - 28*k + 5820 = 0. What is the units digit of k/20*(5 + -2 + -1)?
1
Let u(z) be the second derivative of -z**4/12 + 7*z**3/3 + 7*z**2 + 6*z. Let i be u(15). What is the units digit of (-218)/((i - -3) + -4)?
9
Let j be (-62)/(-5) - (-99)/165. What is the hundreds digit of ((j + -59)/1)/(1/(-31))?
4
Let q = 148 - 83. Let t = 68 - q. What is the units digit of ((-2065)/(-3))/5 - 2/t?
7
Let h(v) = 4*v**2 + v. Let j(c) = 3*c**2 + c. Let u(n) = 5*h(n) - 7*j(n). Let y be u(0). Let q = y - -77. What is the tens digit of q?
7
Let q be ((-65)/(-25) - 3) + (-4)/(-10). Suppose 0*k - 2*k + 10 = q. Suppose -2*x - 3*i + 0*i = -15, -k*i = -x + 1. What is the units digit of x?
6
Suppose 0 = -3*g - 2*a + 5577, 5*a + 536 - 2395 = -g. What is the tens digit of g?
5
Let r(z) = -z**3 + 6*z**2 + 18*z - 7. Let u be r(7). What is the tens digit of (-1 + (-649)/5)*(-175)/u?
2
Let q be (-3 + -3)*(-3)/6. Suppose -33 = q*d - 42. Suppose -d*t = p - 38, -2*p + 62 = 5*t - p. What is the tens digit of t?
1
Suppose 4*z + 282193 = 5*r, -364*z - 225742 = -4*r - 367*z. What is the tens digit of r?
3
Suppose 3*k = -0*k + 4*z + 42, 4*k + 2*z = 34. Suppose 5 = 5*g - k. What is the units digit of 99 + 4 + 1/(-2 + g)?
4
Let j(u) = u + 6. Let t be j(-4). Suppose 29*r - 14 = 3*o + 27*r, 0 = -2*o + 5*r - 13. What is the tens digit of 3/o*21*-2*t?
6
Suppose 9*g + 6 = o + 12*g, 0 = 3*o - 2*g - 51. Let u(l) = -2*l**3 + 35*l**2 - 18*l - 14. What is the hundreds digit of u(o)?
8
What is the thousands digit of (-26)/24 - (-40)/480 - -9991?
9
Let r(d) = d**2 + 3*d - 20. Let l be r(-5). What is the units digit of (l/4)/((-1)/2)?
5
Let t(f) be the third derivative of -f**4/24 + 109*f**3/2 + 9*f**2. Let z be t(0). Suppose z = 6*y - 147. What is the units digit of y?
9
Let n = 0 + 33. Suppose 366 = -31*k + n*k. Suppose -k = -0*s - s - 4*d, 4*s = 3*d + 675. What is the units digit of s?
1
Let n be 242/5 + 6/(-15). Let o(i) = 2*i**2 - 9*i - 6. Let f be o(5). Let u = f + n. What is the tens digit of u?
4
Let v(a) = -a**2 + 12*a + 10. Let x(k) = k + 1. Let r(q) = v(q) + 6*x(q). Let z be r(18). What is the tens digit of 1190/z + 6/(-16)?
7
What is the thousands digit of ((-12)/((-360)/(-1930)) - -3)/(4/(-354))?
5
Let d = -52930 + 80469. What is the ten thousands digit of d?
2
Let c be 3/(-1) + (13 - 8). Let h be ((-339)/2)/(3 + 0)*c. Let f = h - -198. What is the units digit of f?
5
Suppose -3*k - 5*w = -30, 5*k - 7 = 2*w + 12. Let g(b) = 6*b**3 - 5*b**2 + 25*b - 1. What is the tens digit of g(k)?
4
Suppose -6*h + f = -h - 78, h - 6 = 5*f. Suppose -3*v + 7*v + h = 0. What is the tens digit of (-89)/(-2) - 2/v?
4
Suppose -52*x - 5*x + 25935 = 0. What is the hundreds digit of x?
4
Suppose -5*c - 3288 = 58*z - 60*z, -1674 = -z - 5*c. Let y = z + -1165. What is the units digit of y?
9
Let h(n) = 2*n**3 - 40*n**2 + 47*n + 9. What is the units digit of h(19)?
0
Suppose 4*j - 18 = 202. Suppose 2*r + j = 3*v - 275, -5*v = -4*r - 552. Suppose -5*q - v = -h, q + 207 = -2*h + 4*h. What is the units digit of h?
3
Let n(k) = k + 2. Let l(m) = 198*m - 5. Let p(o) = -l(o) - n(o). Let c be p(-4). Suppose -3*y + 2*j = -c, 3*y - 540 = y + 5*j. What is the units digit of y?
5
Suppose -4*i + 13534 = -5*u, 7*u - 3391 = -i + 12*u. Let s = i - 2402. What is the tens digit of s?
7
Let a = 5 + 248. Suppose -12*q + a = -95. Suppose -q = -3*x + r, -4*x + 26 = -2*x + r. What is the tens digit of x?
1
Suppose c + c - 3*j - 3 = 0, -3 = 3*c + 3*j. Suppose 29*v - 28*v - 106 = c. What is the hundreds digit of v?
1
Let v = 376 - 373. Suppose v*d - 733 = 2048. What is the hundreds digit of d?
9
What is the ten thousands digit of (((-17736712)/(-140))/34)/((-2)/(-10))?
1
Let d(j) = 26*j - 20. Let h(p) = -53*p + 40. Let f(q) = 5*d(q) + 3*h(q). What is the units digit of f(-2)?
8
Let x = 3366 - 3360. Let u(a) = 9*a**2 - 18*a + 42. Let c(i) = -3*i**2 + 6*i - 14. Let l(t) = -7*c(t) - 2*u(t). What is the tens digit of l(x)?
8
Let d = 748 - -2961. What is the thousands digit of d?
3
What is the thousands digit of (2896/24*-6)/(4/(-110))?
9
Let a(v) = 22*v**2 + v + 3. Let l(c) be the third derivative of -c**5/60 - c**4/3 - 3*c**3/2 - 20*c**2. Let x be l(-7). What is the units digit of a(x)?
9
Suppose 0 = o - 7*o + 36. Let y(p) = p - 5. Let i be y(o). What is the tens digit of 1/i*284/4?
7
Suppose -r + 0*u = 2*u + 437, -5*r - 2195 = 5*u. Let g = r - -618. Suppose -4*n + 7*n - g = 0. What is the units digit of n?
9
Let w(s) = -6*s**3 - 26*s**2 + s + 13. Let p(n) = -11*n**3 - 52*n**2 + 2*n + 27. Let x(d) = 3*p(d) - 5*w(d). What is the units digit of x(-10)?
6
Suppose -3*s = 2*f + 26, f = -5*s - 0*f - 55. What is the units digit of (s/42)/(4/(-5908))?
2
Let i = -341 + 360. Suppose -i*x + 1176 = -15*x. What is the units digit of x?
4
Let w = 247 - -2255. What is the thousands digit of w?
2
Let a = -87 + 90. Let i(u) = 2*u**2 - 18 + 17 - a*u + 10. What is the tens digit of i(4)?
2
Suppose -89*i = -85*i + 204. Let t(q) = -23*q - 208. What is the hundreds digit of t(i)?
9
Suppose 2136 = -2*j + 6*j. Let w = -372 + j. What is the tens digit of w?
6
Let g(k) = k - 1. Let q(d) = 11*d + 33. Let m(u) = -22*u - 65. Let l(r) = -4*m(r) - 7*q(r). Let v(a) = -2*g(a) - l(a). What is the units digit of v(-5)?
8
Let x(k) = k**3 - k**2 - 11*k - 2. Let a be x(4). Suppose -26*w + 27*w - a = 0. What is the tens digit of 136 - ((-2 - w) + (-1 - -4))?
3
Let j be ((-30)/4 + 1)/(1/(-2)). Suppose -5*i = 5*q, 2*q + j = 2*i - 3. Suppose -3*x = -i*v + 5*v - 251, 159 = 2*x - v. What is the units digit of x?
2
Suppose -3*o - 9 = 0, -241 + 12170 = 2*v + o. What is the units digit of v?
6
Let d(u) = -u**3 - 2*u**2 - 9*u - 3. Let x be d(-3). What is the hundreds digit of (x/12)/(19/2204)?
3
Let h(j) = -13*j**2 - 11*j - 51. Let r be h(-15). Let m = r - -4380. What is the thousands digit of m?
1
Let b be 17/(-170) - 49/10. What is the hundreds digit of ((-1494)/54)/((-5)/(-39))*b?
0
Let r = 24 - 24. Suppose -a + 199 + 206 = r. What is the tens digit of a?
0
Let i(u) be the first derivative of 4*u**3/3 - 7*u**2/2 + 31*u - 135. What is the tens digit of i(10)?
6
Let j(c) = -17*c**2 + c + 2 + 0*c**2 + 28*c**2. What is the units digit of j(-6)?
2
Let g(c) = 52*c**2 + 20*c - 14. Let h be g(-4). Let j = -120 + h. What is the units digit of j?
8
Let o(w) be the third derivative of -w**6/120 + 3*w**5/5 + w**4/4 + 17*w**3/6 - 54*w**2. What is the tens digit of o(36)?
3
Let t(q) be the first derivative of 3*q**2 + 37*q - 44. What is the units digit of t(18)?
5
Let w = 53011 + -21592. What is the hundreds digit of w?
4
What is the hundreds digit of 6310*(270/33 - 22/121)?
4
Let q = -231 - -251. Suppose -s + 3*c + 35 = 0, 4*c - q = -c. What is the units digit of s?
7
Suppose -5*j = -d - 2*d - 6903, 3*j = 5*d + 11489. What is the tens digit of ((-20)/(-3))/(d/1155 - -2)?
5
Suppose 4*p = 6*p + 146. What is the units digit of 5 + -1 + -2 - (p - 2)?
7
Suppose 4*g + 4*t = t + 68426, 4*g = 2*t + 68396. What is the hundreds digit of g?
1
What is the tens digit of (8/22 - 2876640/1232)*-14?
8
Suppose -8 = 2*f, 9*g - 8*g - 5*f - 2487 = 0. What is the hundreds digit of g?
4
Let g = 292 + -286. Suppose 0 = -5*v + 2*u + g, -25*v - 3*u = -28*v. What is the units digit of v?
2
Let m = 12628 + -10575. What is the units digit of m?
3
Let u = -27 + 45. Let x = 26 + u. Suppose -x*s = -43*s - 88. What is the units digit of s?
8
Let t = -154 - -107. Let u be (-1 - -1)*22/(-44) - (52 - 7). Let s = u - t. What is the units digit of s?
2
Suppose 85*k + 201349 = 552399. What is the hundreds digit of k?
1
Let j = 63 - 60. Suppose -16*h - 29 = j. What is the tens digit of (-1 - h)/(5/475) - 4?
9
Suppose 58*w + 8*w + 26*w - 1342832 = 0. What is the ten thousands digit of w?
1
Suppose 5*v - 8192 = 3*j + 21925, 3*v - 18079 = 4*j. What is the hundreds digit of v?
0
Suppose -71*b + 53*b + 375427 = -367595. What is the tens digit of b?
7
Let n(m) = m**3 + m**2. Suppose 43*j = 42*j + 1. Let o be n(j). What is the tens digit of (o/5)/((-8)/(-5640)*3)?
9
Let n(y) = 6*y. Let i(a) = -7*a. Let z(r) = 5*i(r) + 6*n(r). Let o(b) = 98*b + 4. Let l(m) = o(m) - 3*z(m). What is the units digit of l(1)?
9
Let t = -192 + 160. What is the hundreds digit of 583 + (3/12 - (-8)/t)?
5
Let r(s) be the second derivative of 1/12*s**4 + 4